/(-15) + 122*10/(-12). Let f = d + 112. Suppose 0 = 5*t - f*t + 9115. Is t composite?
False
Let v be (-645)/1*(-7 - -6). Suppose 0 = 5*b - 4*i + 1102, -3*i - v = 3*b - 0*i. Is b*1*(-4)/8 a prime number?
True
Suppose 220*f - 223*f = 21. Is (-31494)/f - ((-50)/(-7) - 7) prime?
False
Let y be (-3)/((-42)/749)*2. Suppose -2*v = -y - 247. Is v composite?
True
Let g = 117 + -112. Suppose -5*x = 2*k - 8261, -g*x - 2 = -3*x. Is k composite?
False
Let b = 25937 + -346. Is b composite?
True
Suppose 575*j - 574*j - a = 1364, j = 3*a + 1370. Is j a composite number?
False
Suppose -3*k + 4 + 5 = 0. Suppose 2*w + 4507 = -8*z + 13*z, -k*w + 898 = z. Is z prime?
False
Suppose 0 = -226*g + 3365479 + 2157735. Is g composite?
False
Suppose 21*m + 435412 = 2110309. Is m composite?
False
Let r(t) = -6*t**3 - 12*t**2 + 15*t - 4. Let p be ((-7)/(-3))/((-4)/12). Is r(p) a prime number?
True
Suppose 2*y = 2*f - 368310, 5*f + 5*y + 450394 = 1371199. Is ((-2)/(-6) - 1)/((-156)/f) a composite number?
False
Let m(n) = -5008*n**3 + 90*n**2 + 26*n + 113. Is m(-4) prime?
True
Suppose -5*j - 25 = 0, 0 = -5*d - 5*j - 6 - 4. Suppose -10 = -2*p, -3*p = -z + d*z - 27. Is (-1 - 1)/(z/(-9)) - -34 composite?
False
Suppose -2*y - 4*l = 16, 4*y + 0*l = 4*l + 28. Let z be (-26240)/(-25) + 52/(-20) + y. Suppose 3*f + 2*a - z - 5414 = 0, 5*a = 4*f - 8602. Is f a prime number?
True
Suppose 26 = -5*k - 2*z, -9*z = -7*z - 4. Is 288525/105 + k/7 composite?
True
Let j(q) = 13*q**2 + q + 22147. Is j(0) a prime number?
True
Suppose 13 = -2*w + 3*w + 3*f, 4*w - f = 13. Let i(l) = 3*l**3 + l**2 + 2*l - 5. Let z be i(w). Suppose -2*q - z = -713. Is q composite?
False
Suppose -4*b - 25*r + 31 = -22*r, 2*b + 3*r - 17 = 0. Is 47455/b - ((-33)/7 - -5) a composite number?
False
Let l = -19838 + 66067. Is l a prime number?
True
Suppose 100105 = 5*c + 8570. Suppose 4*u - 7*d - 14624 = -11*d, -4*d - c = -5*u. Is u a prime number?
True
Suppose -49098 + 13862 = -4*i. Is i prime?
False
Let h(v) be the second derivative of 8*v**5/5 + v**4/4 + 5*v**3/6 - 5*v**2/2 - 24*v. Is h(3) a prime number?
False
Let l = 2300 + -1490. Let t be (-182)/(-78)*(l + 0/(-1)). Suppose -6*s + 12732 + t = 0. Is s prime?
True
Let j(p) = 3334*p**2 - 54*p + 219. Is j(-8) prime?
False
Suppose v - 6*v + 15 = 0. Suppose -v*g = 2*z - 1516, 0*g = g - 3*z - 487. Suppose -7*w + g = -5*w. Is w a prime number?
True
Suppose 3*j - 31730 = 34837. Is j composite?
False
Let a be 4/(-7) - (711/(-7) - 5). Suppose -b - a = 54. Is 5/(b/(-78684)) - 1/(-8) a composite number?
False
Let a(c) = 2*c**2 - 4*c - 3. Let f(k) = k**2 + 4*k + 6. Let i be f(-5). Let w be a(i). Let b = -32 + w. Is b prime?
True
Let a(m) = 158881*m**3 - 3*m**2 + 285*m - 284. Is a(1) composite?
True
Let d = 2823 - 2404. Is d a composite number?
False
Is (-39003)/(-2)*44/6 prime?
False
Suppose 0*s = 3*u - s - 12, -21 = -5*u + 2*s. Suppose 0*l = -3*l + u*m + 9, 0 = -4*l + 3*m + 9. Suppose 1802 = 2*n - l*n. Is n prime?
False
Suppose 57*d + 44*d = -249*d + 123685450. Is d composite?
True
Let i = 29472 + -13793. Let n = i + -10965. Suppose 0 = 10*w - n - 20976. Is w a composite number?
True
Is (149 - (34 - 33))*((-171)/(-4) - 1) prime?
False
Let t(w) = 91708*w - 2677. Is t(48) a prime number?
False
Let r(c) = -5*c + 11. Let h be r(1). Is (0 - 2)*((-18021)/h - 0) a prime number?
True
Suppose -29 = 7*b - 57. Suppose b*q - 16*q = -89412. Is q prime?
True
Let o(l) = l**2 + 30*l - 2. Let s be o(-30). Is ((6 - 7) + 3)*(-2183)/s a prime number?
False
Suppose 2*j + 17 + 35 = -4*m, -j = -4*m + 8. Let u(r) = 28*r**2 - 21*r - 149. Is u(j) a prime number?
True
Let h(k) = -1695*k - 72. Let p be h(-2). Let u = p + -1957. Is u prime?
True
Suppose 4*w = -3*l + 765, -3*w - 374 = -4*l + 646. Let j = l + -200. Is j prime?
False
Suppose 150988 = 3*v + q, 2*v + 3*v = -2*q + 251646. Let d = v - 34933. Is d prime?
False
Let j = 282509 + -6528. Is j prime?
True
Let w be ((-112)/84)/(1/(-87081)). Suppose 8*i + 26052 = w. Is i a composite number?
False
Let m = -929557 - -1637034. Is m composite?
True
Is (-3)/(-13) - ((-22785854)/338 - -5) composite?
False
Let q = 124661 + 30278. Is q a prime number?
False
Let u be (-5)/((-30)/68)*(-4 - -13). Is (u/18)/(4/1956) composite?
True
Suppose 2*b + 42*n - 41*n - 61961 = 0, -92934 = -3*b - 3*n. Is b a prime number?
True
Is 17046/(1 + 17)*179 a composite number?
True
Suppose 3*j - 7*j - q = -4851, 5*q + 4857 = 4*j. Is -3*(23/69)/((-1)/j) a composite number?
False
Let m(h) = 54*h - 22. Let a be m(7). Suppose -4*d + 5*g + 483 = 0, -4*d + 7*d - 5*g - a = 0. Is d a prime number?
True
Let k be (-14 + 74)*(2 + (-12)/5). Is k/48 - 15923/(-2) prime?
False
Suppose 0 = -189*h + 58209 + 1318278. Is h prime?
True
Let n(a) = -8*a + 251 - 251. Let h be n(-1). Let o(p) = 2*p**3 - 2*p**2 - 4*p - 5. Is o(h) a composite number?
False
Suppose -80*a - 11*a + 98020527 = 30*a. Is a a composite number?
True
Suppose -3288820 = -5*x - 65075. Is x a prime number?
False
Suppose -4421*f - 2683650 = -4451*f. Is f prime?
False
Is 157*8206/24 - (-60)/720 a composite number?
False
Suppose -5 = 3*h - 11. Suppose h*z = 2*y - 3706, -2*z + 1274 = y - 591. Suppose -d = -3*n - 2093, 5*d + 5*n - 12402 + y = 0. Is d a prime number?
False
Let s(h) = -5267*h + 47. Let b be s(-7). Is ((-6)/4)/((-22)/b) a composite number?
True
Let r(p) = -p**3 - 14*p**2 - 48*p + 9. Let b be r(-7). Let n(d) = -66*d**3 - 3*d**2 - 2*d. Let c be n(-3). Suppose 5*m - b*t = -4*t + c, 8 = -4*t. Is m prime?
True
Let d = 169324 - 116025. Is d a prime number?
True
Let z(c) = -526*c**3 + 7*c**2 + 24*c - 16. Is z(-5) a composite number?
False
Let p = 9 + -4. Suppose -6*h = -5*h + o - 4, 5*h - p*o = 10. Suppose 5*w = -h*j - j + 3381, -3*w = 2*j - 2029. Is w prime?
True
Suppose 5*z - z - 44 = 0. Let g = -15 + z. Let r(u) = 8*u**2 - 4*u - 5. Is r(g) composite?
False
Suppose 4*t + 99 = 67. Is ((-2)/t)/(23/1688660) composite?
True
Suppose 4*k = 2*b + 12, -k = 3*k + 4*b. Is 3*(-471)/k*18/(-27) composite?
True
Let u(s) = 15143*s - 14. Let c be u(8). Suppose -o = 4*n - 96913, c = 3*n + 2*n - o. Suppose 6*w = 3835 + n. Is w prime?
False
Suppose 104879 = 8*z + 8011 - 32596. Is z composite?
False
Let g(c) = -2*c**3 - 5*c**2 - 2*c - 7. Let o be g(-7). Suppose 59285 - 12440 = -27*h. Let q = o - h. Is q composite?
True
Suppose 5*o = 2*d + 37133, 0 = 3*o + 3*d - 3778 - 18506. Let z = o - 4990. Is z composite?
False
Suppose 0 = -5*w + q + 762633, -5*w + 5*q + 699209 = -63416. Is w a prime number?
False
Let p(f) = -f + 1089. Let k be p(0). Let m = k - 711. Let y = -220 + m. Is y prime?
False
Let r(s) = 241*s**2 - 15*s - 1075. Is r(-18) a prime number?
True
Is 56763 - (2/(-3))/((-3)/(-1 + -17)) a prime number?
True
Let z(b) = -3*b**3 - 2*b - 5. Let y be z(-4). Let n = y - -99. Suppose -6*h = -468 - n. Is h prime?
True
Suppose -29975717 = -35*d - 174*d + 12*d. Is d a composite number?
True
Suppose 768208 + 4352061 - 1096286 = 43*f. Is f a composite number?
False
Let a(v) = v**3 - 10 + 17*v + 8 + 6*v**2 + 0*v**3. Is a(9) prime?
False
Let s(i) = -i**2 + 11*i - 26. Let v be s(6). Is ((-16629)/(-3) - v) + 6 prime?
False
Suppose -5*b - 20 = -0, -2*b + 4 = 3*x. Let z be (2454 - -1)*1 - 2. Suppose -x*o = -5*o + z. Is o a composite number?
True
Is (-1346)/(-8749) + (6396044/26)/2 a composite number?
False
Let z be (-16)/40*(4 + 0 + 86966). Is (-93)/(-217) - z/21 a composite number?
False
Let b be (-2)/26 + (-1663266)/(-429). Suppose 3*l = 15, 3*l = 3*f - 25735 + b. Is f prime?
False
Suppose 8*g = 6*g. Suppose g = -395*o + 400*o - 28195. Is o a prime number?
True
Suppose -k + w - 4 = -2*k, -2*k + 4*w = 16. Suppose k = 5*j - 2*d - 3645, -j + 4*d = 3*j - 2928. Is j composite?
False
Let o(a) = 68587*a**2 + 81*a + 3. Is o(1) a composite number?
True
Suppose 0 = 2*u + 3*j + 68, -2*u - 21*j - 36 = -26*j. Let y(x) = -411*x - 131. Is y(u) a prime number?
False
Suppose -2*u = i - 295873, 94*u - 96*u + 4*i + 295878 = 0. Is u a composite number?
False
Suppose 0 = -14*v + 3*v - 330. Is ((-1796)/(-10))/(v/(-75)) a prime number?
True
Let y(f) = f**2 + 14*f + 50. Let c be y(-5). Suppose 2*p + s = -0*s + 11242, -c*s = 5*p - 28115. Is p a prime number?
False
Let w(a) = -a**3 - 4*a**2 + 21*a + 5. Let z be w(-7). Is (-43)/((z/(-20))/((-86)/(-8))) composite?
True
Let j(q) = 2*q**3 - 6*q*